culate the remainder when v is divided by 46.
12
Let l(x) be the third derivative of -19*x**4/24 - 107*x**3/6 + 27*x**2 - 1. Calculate the remainder when 27 is divided by l(-6).
6
Let l = -7412 - -7700. Calculate the remainder when l is divided by 106.
76
Suppose -4*b = -3*n + 118 + 215, -227 = -2*n + b. Calculate the remainder when 756 is divided by (2 - (3 + -2))/(5/n).
20
Let l = -2543 - -2622. What is the remainder when l is divided by 52?
27
Let z be 0 + (-1 - -1) - -3. Suppose -4*q - 4*k = 0, z*k = -4*q + 6*k - 28. What is the remainder when 12 is divided by (-90)/(-11) - q/(-22)?
4
Suppose a + 3*m = -34 - 70, 4*a + 442 = m. Let d = a + 315. Calculate the remainder when d is divided by 66.
7
Let k = -2183 - -2434. Calculate the remainder when k is divided by 14.
13
Let b(z) = z**2 + 7*z - 128. Let f be b(-16). Suppose -24 - 104 = -f*x. What is the remainder when 33 is divided by x?
1
Let s(h) = h**3 - 4*h**2 + 7*h - 5. Let m be s(2). Let y be ((m/(-3))/((-1)/3))/(-1). Calculate the remainder when (32 + y + 4)*2 is divided by 37.
33
Suppose 5*o - 293 = 18*r - 16*r, 4*r + 301 = 5*o. What is the remainder when 739 is divided by o?
55
Let h(z) = -z**2 - 8*z - 6. Calculate the remainder when 4*(-3)/(-48)*116 is divided by h(-6).
5
Suppose 3*l = 0, x + 0 = 5*l + 15. Suppose -x*r + 14*r + 67 = 0. Calculate the remainder when r is divided by 15.
7
Suppose 12*w + 8 = 80. Let b(i) = i**2 + i. Let y(q) = -5*q**2 - 12*q + 53. Let m(s) = w*b(s) + y(s). What is the remainder when m(10) is divided by 24?
21
Let j(l) = 3*l + 10. Let d = -2 - -4. Suppose -3*h + d = -19. What is the remainder when j(1) is divided by h?
6
Let q(r) = 42*r - 42. Let z be q(-29). Calculate the remainder when ((-74)/5)/(84/z) is divided by 58.
48
Let b(p) = 166*p**3 + 5*p**2 + 4*p - 3. Let o be b(-3). Calculate the remainder when 299 is divided by 1/(14/(-4)) - o/147.
29
Let b(i) = 29*i**3 - i**2 + i. Let r = -844 + 865. Calculate the remainder when b(2) is divided by r.
20
Suppose -48*r + 1476 + 2364 = 0. Calculate the remainder when r is divided by 9.
8
Let h(l) = -l + 17. Let d be h(6). Suppose 0 = d*c - 2 - 317. What is the remainder when (-4)/(4/(-23))*5 is divided by c?
28
Let j(z) = -z**3 - 21*z**2 + 8*z + 301. What is the remainder when 230 is divided by j(-21)?
97
Let c(s) = -s**3 - 29*s**2 - 7*s - 181. Calculate the remainder when c(-29) is divided by 18.
4
Suppose 0*y + 5*y - 31 = -k, -5*k - y + 59 = 0. Let h = 571 + -560. Suppose -c = 0, -7*v - 2*c + h = -6*v. What is the remainder when k is divided by v?
0
Suppose 181*y + j + 11033 = 183*y, 0 = -3*y + 4*j + 16547. What is the remainder when y is divided by 184?
181
Let a = 3887 - 3809. Calculate the remainder when a is divided by 24 + (1 - 3) + 3.
3
Let w be (-21)/70*-4*165. Let k = 344 - w. What is the remainder when k is divided by 10?
6
Let u(c) = 88*c + 968. What is the remainder when 1048 is divided by u(-9)?
168
Let r(z) = -6*z - 16. Let m be r(-2). What is the remainder when (-8 - m - -16)*105/14 is divided by 4?
2
Suppose 0 = -2*a + 3*d - 149, -a = 4*d + d + 81. Let s = a - -99. Calculate the remainder when 641 is divided by s.
20
Let b = -177 - -179. Suppose 3*n + d = 51, 3 = -b*n + 5*d + 54. Suppose 0 = 12*k - 8*k - 20. What is the remainder when n is divided by k?
3
Suppose -156*g + 94068 = -7*g - 696. What is the remainder when g is divided by 156?
12
Let a = -1472 + 842. Let h = -574 - a. Calculate the remainder when h is divided by 10.
6
Suppose 5*b - 4*g = 27 - 2, 5*g - 7 = 2*b. Suppose 122 = b*a - 67. Let w = 40 - 28. What is the remainder when a is divided by w?
9
Suppose 3*t - c = c + 25, -t + 5*c = -4. What is the remainder when 113 is divided by -72*(15/t + -2)?
17
Let q = -85 - -93. Suppose -5*y + q*y - 5*w - 166 = 0, 3*w + 162 = 3*y. Calculate the remainder when 206 is divided by y.
50
Let q = -12641 - -12780. What is the remainder when 1802 is divided by q?
134
Let q(y) = 437*y**2 - 765*y + 1. What is the remainder when q(-3) is divided by 67?
65
Let u = 336 - -130. What is the remainder when u is divided by 167?
132
Suppose -500 = -5*l + 4*l + 3*w, 1488 = 3*l - 3*w. Suppose -816 = -498*v + l*v. Calculate the remainder when v is divided by 19.
14
Let u = -325 - -342. Suppose p = -0*p - 1, -3*n = -4*p + 596. Calculate the remainder when (n/6)/((-8)/24) is divided by u.
15
Let k(d) = d**3 - d**2 - 4*d + 44. What is the remainder when 1008 is divided by k(6)?
8
Suppose -2*n = -3*n + 29. Let p(o) = 88*o**2 + o + 12. Let r(g) = g**2 + 2. Let l(x) = p(x) - 6*r(x). What is the remainder when l(1) is divided by n?
25
Let x = 162 - 57. Let f(l) = 6*l**3 + l**2 + l - 1. Let k be f(1). What is the remainder when x is divided by 87*k/21 - 2?
24
Let g be (-2 + -1)*28/(-2). Let m be (2 + 40/(-15))/((-8)/708). Let r = m - g. What is the remainder when 26 is divided by r?
9
What is the remainder when (97/((-1746)/8424))/(6/(-4)) is divided by 15?
12
Let t(x) = 2*x - 15. Let m be 7 + 13/3 + 2/(-6). Let y be t(m). Let j = 19 + y. Calculate the remainder when j is divided by 8.
2
Suppose -4*f - 6909*r = -6908*r - 5659, 2*f - 4*r = 2816. Calculate the remainder when 2836 is divided by f.
8
Suppose 887 + 640 = 151*u + 319. Calculate the remainder when 376 is divided by u.
0
Suppose 6 = -3*p - 9, 3*c - 3*p = -261. Let q = c - -173. Suppose 0 = 4*k - q + 13. What is the remainder when 26 is divided by k?
9
Let a(o) = o**2 + 7*o + 14. Let w be a(-4). Suppose 0 = 2*i - g - 0*g - 85, 4*g = -2*i + 80. What is the remainder when w/(-9) - (-42862)/261 is divided by i?
38
Let v(o) = -48*o + 2. Let b = -102 - -107. What is the remainder when v(-2) is divided by (-102)/(-5) - 2/b?
18
Calculate the remainder when 683 is divided by 992/88 + -11 - (-932)/11.
3
Let n(w) = w**3 + 7*w**2 + 3*w - 6. Let q(i) = i**3 - 10*i**2 + 8*i + 10. Let h be q(8). Let p = -9 - h. What is the remainder when p is divided by n(-6)?
9
Let i(o) = o**2 - 10*o + 10. Suppose 34 = 4*x - 3*k - 5, -5*x = -2*k - 47. Let c be i(x). Calculate the remainder when 12 is divided by (0 - c) + (-2 + 6 - -4).
5
Let c = 19 - 14. Let l be ((-12)/(-15))/(4/50). Suppose 3*f + l = 43. Calculate the remainder when f is divided by c.
1
Suppose 214 + 122 = 14*c. Let a = -12 - -36. Calculate the remainder when c is divided by a.
0
Suppose -2*i + 0*i = -14. Let a be 6/12*5/(20/336). Suppose 3*o + 9*l - a = 6*l, 0 = -o + 5*l + 38. Calculate the remainder when o is divided by i.
4
Suppose -1373 = -5*n - 2*i, 2*i = 7*n - 5*n - 552. Calculate the remainder when 1371 is divided by n.
271
Let n(s) = -s**2 - 1248*s + 7531. Let v(z) = -z**2 - 2*z - 1. Let u be v(-3). Let p(q) = -20*q - 6. Calculate the remainder when p(u) is divided by n(6).
4
Suppose 15 = 5*s + 3*d, -d + 5 = 4*s - 5*s. Suppose -2*r - p + 29 = s, 2*r - 3*p + 23 = 4*r. Suppose r + 2 = q. What is the remainder when q is divided by 10?
8
Let m = -17780 + 22186. What is the remainder when m is divided by 98?
94
Let u = -4773 + 5608. Calculate the remainder when u is divided by 28.
23
Let g = 16362 + -16331. Let c = 28 + -17. Calculate the remainder when g is divided by c.
9
Calculate the remainder when 2249 is divided by (2 + 448)/2*(-18)/(-54).
74
Suppose 168 = -2605*s + 2607*s. What is the remainder when 922 is divided by s?
82
Let g(t) = 4*t**3 - 5*t**2 - 12*t + 54. Calculate the remainder when 221 is divided by g(3).
59
Suppose 32*b - 15*b = -17*b. Calculate the remainder when 38/((4 - 60/18) + b) is divided by 25.
7
Suppose -10*r - 1930 = -8250. What is the remainder when r is divided by 45?
2
Suppose 27*i + 82*i = -24*i + 23674. Calculate the remainder when i is divided by 57.
7
Suppose -2*c = -2*o + 280, 4*o - 5*c - 21 = 535. What is the remainder when 163 is divided by o?
19
Suppose 18*m + 979 - 1735 = 0. Calculate the remainder when 9491 is divided by m.
41
Let k(r) = -r**2 + 8*r - 7. Let v = 667 + -1454. Let u = v + 799. Calculate the remainder when u is divided by k(6).
2
Let r = -322 + 608. Let b = r - 270. Calculate the remainder when 93 is divided by b.
13
Let k = 1100 - 1037. Calculate the remainder when 4705/15 - 1/(-6)*2 is divided by k.
62
Let i = -1 + 0. Suppose -3*n + 82 = -23. What is the remainder when n is divided by (1 - 4 - 7*i) + 8?
11
Let w(v) = 35*v - 135. Let m be w(4). Suppose -6*z +